{"id":443,"date":"2021-09-14T08:35:31","date_gmt":"2021-09-14T06:35:31","guid":{"rendered":"https:\/\/radcaprawny.pro\/wp-content\/uploads\/2021\/09\/gavel-2492011_640.jpg"},"modified":"2021-09-14T08:35:41","modified_gmt":"2021-09-14T06:35:41","slug":"gavel-2492011_640","status":"inherit","type":"attachment","link":"https:\/\/radcaprawny.pro\/en\/pomoc-prawna-dlaczego-warto-niej-skorzystac-2021-roku\/gavel-2492011_640\/","title":{"rendered":"gavel-2492011_640"},"author":1,"featured_media":0,"comment_status":"open","ping_status":"closed","template":"","meta":[],"class_list":["post-443","attachment","type-attachment","status-inherit","hentry"],"yoast_head":"<!-- This site is optimized with the Yoast SEO plugin v27.0 - https:\/\/yoast.com\/product\/yoast-seo-wordpress\/ -->\n<title>gavel-2492011_640 - Kancelaria Radc\u00f3w Prawnych GOC Lublin Al. Rac\u0142awickie 8\/23<\/title>\n<meta name=\"robots\" content=\"index, follow, max-snippet:-1, max-image-preview:large, max-video-preview:-1\" \/>\n<link rel=\"canonical\" href=\"https:\/\/radcaprawny.pro\/wp-content\/uploads\/2021\/09\/gavel-2492011_640.jpg\" \/>\n<meta property=\"og:locale\" content=\"en_US\" \/>\n<meta property=\"og:type\" content=\"article\" \/>\n<meta property=\"og:title\" content=\"gavel-2492011_640 - Kancelaria Radc\u00f3w Prawnych GOC Lublin Al. Rac\u0142awickie 8\/23\" \/>\n<meta property=\"og:url\" content=\"https:\/\/radcaprawny.pro\/wp-content\/uploads\/2021\/09\/gavel-2492011_640.jpg\" \/>\n<meta property=\"og:site_name\" content=\"Kancelaria Radc\u00f3w Prawnych GOC Lublin Al. Rac\u0142awickie 8\/23\" \/>\n<meta property=\"article:modified_time\" content=\"2021-09-14T06:35:41+00:00\" \/>\n<meta property=\"og:image\" content=\"https:\/\/radcaprawny.pro\/wp-content\/uploads\/2021\/09\/gavel-2492011_640.jpg\" \/>\n\t<meta property=\"og:image:width\" content=\"640\" \/>\n\t<meta property=\"og:image:height\" content=\"355\" \/>\n\t<meta property=\"og:image:type\" content=\"image\/jpeg\" \/>\n<meta name=\"twitter:card\" content=\"summary_large_image\" \/>\n<script type=\"application\/ld+json\" class=\"yoast-schema-graph\">{\"@context\":\"https:\/\/schema.org\",\"@graph\":[{\"@type\":\"WebPage\",\"@id\":\"https:\/\/radcaprawny.pro\/wp-content\/uploads\/2021\/09\/gavel-2492011_640.jpg\",\"url\":\"https:\/\/radcaprawny.pro\/wp-content\/uploads\/2021\/09\/gavel-2492011_640.jpg\",\"name\":\"gavel-2492011_640 - Kancelaria Radc\u00f3w Prawnych GOC Lublin Al. Rac\u0142awickie 8\/23\",\"isPartOf\":{\"@id\":\"https:\/\/radcaprawny.pro\/#website\"},\"datePublished\":\"2021-09-14T06:35:31+00:00\",\"dateModified\":\"2021-09-14T06:35:41+00:00\",\"breadcrumb\":{\"@id\":\"https:\/\/radcaprawny.pro\/wp-content\/uploads\/2021\/09\/gavel-2492011_640.jpg#breadcrumb\"},\"inLanguage\":\"en-US\",\"potentialAction\":[{\"@type\":\"ReadAction\",\"target\":[\"https:\/\/radcaprawny.pro\/wp-content\/uploads\/2021\/09\/gavel-2492011_640.jpg\"]}]},{\"@type\":\"BreadcrumbList\",\"@id\":\"https:\/\/radcaprawny.pro\/wp-content\/uploads\/2021\/09\/gavel-2492011_640.jpg#breadcrumb\",\"itemListElement\":[{\"@type\":\"ListItem\",\"position\":1,\"name\":\"Strona g\u0142\u00f3wna\",\"item\":\"https:\/\/radcaprawny.pro\/\"},{\"@type\":\"ListItem\",\"position\":2,\"name\":\"Pomoc prawna \u2013 dlaczego warto z niej skorzysta\u0107 w 2021 roku?\",\"item\":\"https:\/\/radcaprawny.pro\/pomoc-prawna-dlaczego-warto-niej-skorzystac-2021-roku\/\"},{\"@type\":\"ListItem\",\"position\":3,\"name\":\"gavel-2492011_640\"}]},{\"@type\":\"WebSite\",\"@id\":\"https:\/\/radcaprawny.pro\/#website\",\"url\":\"https:\/\/radcaprawny.pro\/\",\"name\":\"Kancelaria Radc\u00f3w Prawnych GOCKancelaria Radc\u00f3w Prawnych GOC Lublin Al. Rac\u0142awickie 8\/23\",\"description\":\"\",\"potentialAction\":[{\"@type\":\"SearchAction\",\"target\":{\"@type\":\"EntryPoint\",\"urlTemplate\":\"https:\/\/radcaprawny.pro\/?s={search_term_string}\"},\"query-input\":{\"@type\":\"PropertyValueSpecification\",\"valueRequired\":true,\"valueName\":\"search_term_string\"}}],\"inLanguage\":\"en-US\"}]}<\/script>\n<!-- \/ Yoast SEO plugin. -->","yoast_head_json":{"title":"gavel-2492011_640 - Kancelaria Radc\u00f3w Prawnych GOC Lublin Al. Rac\u0142awickie 8\/23","robots":{"index":"index","follow":"follow","max-snippet":"max-snippet:-1","max-image-preview":"max-image-preview:large","max-video-preview":"max-video-preview:-1"},"canonical":"https:\/\/radcaprawny.pro\/wp-content\/uploads\/2021\/09\/gavel-2492011_640.jpg","og_locale":"en_US","og_type":"article","og_title":"gavel-2492011_640 - Kancelaria Radc\u00f3w Prawnych GOC Lublin Al. Rac\u0142awickie 8\/23","og_url":"https:\/\/radcaprawny.pro\/wp-content\/uploads\/2021\/09\/gavel-2492011_640.jpg","og_site_name":"Kancelaria Radc\u00f3w Prawnych GOC Lublin Al. Rac\u0142awickie 8\/23","article_modified_time":"2021-09-14T06:35:41+00:00","og_image":[{"width":640,"height":355,"url":"https:\/\/radcaprawny.pro\/wp-content\/uploads\/2021\/09\/gavel-2492011_640.jpg","type":"image\/jpeg"}],"twitter_card":"summary_large_image","schema":{"@context":"https:\/\/schema.org","@graph":[{"@type":"WebPage","@id":"https:\/\/radcaprawny.pro\/wp-content\/uploads\/2021\/09\/gavel-2492011_640.jpg","url":"https:\/\/radcaprawny.pro\/wp-content\/uploads\/2021\/09\/gavel-2492011_640.jpg","name":"gavel-2492011_640 - Kancelaria Radc\u00f3w Prawnych GOC Lublin Al. Rac\u0142awickie 8\/23","isPartOf":{"@id":"https:\/\/radcaprawny.pro\/#website"},"datePublished":"2021-09-14T06:35:31+00:00","dateModified":"2021-09-14T06:35:41+00:00","breadcrumb":{"@id":"https:\/\/radcaprawny.pro\/wp-content\/uploads\/2021\/09\/gavel-2492011_640.jpg#breadcrumb"},"inLanguage":"en-US","potentialAction":[{"@type":"ReadAction","target":["https:\/\/radcaprawny.pro\/wp-content\/uploads\/2021\/09\/gavel-2492011_640.jpg"]}]},{"@type":"BreadcrumbList","@id":"https:\/\/radcaprawny.pro\/wp-content\/uploads\/2021\/09\/gavel-2492011_640.jpg#breadcrumb","itemListElement":[{"@type":"ListItem","position":1,"name":"Strona g\u0142\u00f3wna","item":"https:\/\/radcaprawny.pro\/"},{"@type":"ListItem","position":2,"name":"Pomoc prawna \u2013 dlaczego warto z niej skorzysta\u0107 w 2021 roku?","item":"https:\/\/radcaprawny.pro\/pomoc-prawna-dlaczego-warto-niej-skorzystac-2021-roku\/"},{"@type":"ListItem","position":3,"name":"gavel-2492011_640"}]},{"@type":"WebSite","@id":"https:\/\/radcaprawny.pro\/#website","url":"https:\/\/radcaprawny.pro\/","name":"Kancelaria Radc\u00f3w Prawnych GOCKancelaria Radc\u00f3w Prawnych GOC Lublin Al. Rac\u0142awickie 8\/23","description":"","potentialAction":[{"@type":"SearchAction","target":{"@type":"EntryPoint","urlTemplate":"https:\/\/radcaprawny.pro\/?s={search_term_string}"},"query-input":{"@type":"PropertyValueSpecification","valueRequired":true,"valueName":"search_term_string"}}],"inLanguage":"en-US"}]}},"description":{"rendered":"<p class=\"attachment\"><a href='https:\/\/radcaprawny.pro\/wp-content\/uploads\/2021\/09\/gavel-2492011_640.jpg'><img loading=\"lazy\" decoding=\"async\" width=\"300\" height=\"166\" src=\"https:\/\/radcaprawny.pro\/wp-content\/uploads\/2021\/09\/gavel-2492011_640-300x166.jpg\" class=\"attachment-medium size-medium\" alt=\"Pomoc prawna \u2013 dlaczego warto z niej skorzysta\u0107?\" srcset=\"https:\/\/radcaprawny.pro\/wp-content\/uploads\/2021\/09\/gavel-2492011_640-300x166.jpg 300w, https:\/\/radcaprawny.pro\/wp-content\/uploads\/2021\/09\/gavel-2492011_640-108x60.jpg 108w, https:\/\/radcaprawny.pro\/wp-content\/uploads\/2021\/09\/gavel-2492011_640-570x316.jpg 570w, https:\/\/radcaprawny.pro\/wp-content\/uploads\/2021\/09\/gavel-2492011_640.jpg 640w\" sizes=\"auto, (max-width: 300px) 100vw, 300px\" \/><\/a><\/p>\n"},"caption":{"rendered":""},"alt_text":"Pomoc prawna \u2013 dlaczego warto z niej skorzysta\u0107?","media_type":"image","mime_type":"image\/jpeg","media_details":{"width":640,"height":355,"file":"2021\/09\/gavel-2492011_640.jpg","sizes":{"thumbnail":{"file":"gavel-2492011_640-150x150.jpg","width":150,"height":150,"mime_type":"image\/jpeg","source_url":"https:\/\/radcaprawny.pro\/wp-content\/uploads\/2021\/09\/gavel-2492011_640-150x150.jpg"},"medium":{"file":"gavel-2492011_640-300x166.jpg","width":300,"height":166,"mime_type":"image\/jpeg","source_url":"https:\/\/radcaprawny.pro\/wp-content\/uploads\/2021\/09\/gavel-2492011_640-300x166.jpg"},"home-image":{"file":"gavel-2492011_640-570x355.jpg","width":570,"height":355,"mime_type":"image\/jpeg","source_url":"https:\/\/radcaprawny.pro\/wp-content\/uploads\/2021\/09\/gavel-2492011_640-570x355.jpg"},"home-partners":{"file":"gavel-2492011_640-108x60.jpg","width":108,"height":60,"mime_type":"image\/jpeg","source_url":"https:\/\/radcaprawny.pro\/wp-content\/uploads\/2021\/09\/gavel-2492011_640-108x60.jpg"},"page-image":{"file":"gavel-2492011_640-570x316.jpg","width":570,"height":316,"mime_type":"image\/jpeg","source_url":"https:\/\/radcaprawny.pro\/wp-content\/uploads\/2021\/09\/gavel-2492011_640-570x316.jpg"},"page-image-top":{"file":"gavel-2492011_640-640x180.jpg","width":640,"height":180,"mime_type":"image\/jpeg","source_url":"https:\/\/radcaprawny.pro\/wp-content\/uploads\/2021\/09\/gavel-2492011_640-640x180.jpg"},"page-baner":{"file":"gavel-2492011_640-640x264.jpg","width":640,"height":264,"mime_type":"image\/jpeg","source_url":"https:\/\/radcaprawny.pro\/wp-content\/uploads\/2021\/09\/gavel-2492011_640-640x264.jpg"},"reference-size":{"file":"gavel-2492011_640-255x320.jpg","width":255,"height":320,"mime_type":"image\/jpeg","source_url":"https:\/\/radcaprawny.pro\/wp-content\/uploads\/2021\/09\/gavel-2492011_640-255x320.jpg"},"full":{"file":"gavel-2492011_640.jpg","width":640,"height":355,"mime_type":"image\/jpeg","source_url":"https:\/\/radcaprawny.pro\/wp-content\/uploads\/2021\/09\/gavel-2492011_640.jpg"}},"image_meta":{"aperture":"0","credit":"","camera":"","caption":"","created_timestamp":"0","copyright":"","focal_length":"0","iso":"0","shutter_speed":"0","title":"","orientation":"0","keywords":[]}},"post":442,"source_url":"https:\/\/radcaprawny.pro\/wp-content\/uploads\/2021\/09\/gavel-2492011_640.jpg","_links":{"self":[{"href":"https:\/\/radcaprawny.pro\/en\/wp-json\/wp\/v2\/media\/443","targetHints":{"allow":["GET"]}}],"collection":[{"href":"https:\/\/radcaprawny.pro\/en\/wp-json\/wp\/v2\/media"}],"about":[{"href":"https:\/\/radcaprawny.pro\/en\/wp-json\/wp\/v2\/types\/attachment"}],"author":[{"embeddable":true,"href":"https:\/\/radcaprawny.pro\/en\/wp-json\/wp\/v2\/users\/1"}],"replies":[{"embeddable":true,"href":"https:\/\/radcaprawny.pro\/en\/wp-json\/wp\/v2\/comments?post=443"}]}}

<!-- This site is optimized with the Yoast SEO plugin v27.0 - https://yoast.com/product/yoast-seo-wordpress/ -->
<title>gavel-2492011_640 - Kancelaria Radców Prawnych GOC Lublin Al. Racławickie 8/23</title>
<meta name="robots" content="index, follow, max-snippet:-1, max-image-preview:large, max-video-preview:-1" />
<link rel="canonical" href="https://radcaprawny.pro/wp-content/uploads/2021/09/gavel-2492011_640.jpg" />
<meta property="og:locale" content="en_US" />
<meta property="og:type" content="article" />
<meta property="og:title" content="gavel-2492011_640 - Kancelaria Radców Prawnych GOC Lublin Al. Racławickie 8/23" />
<meta property="og:url" content="https://radcaprawny.pro/wp-content/uploads/2021/09/gavel-2492011_640.jpg" />
<meta property="og:site_name" content="Kancelaria Radców Prawnych GOC Lublin Al. Racławickie 8/23" />
<meta property="article:modified_time" content="2021-09-14T06:35:41+00:00" />
<meta property="og:image" content="https://radcaprawny.pro/wp-content/uploads/2021/09/gavel-2492011_640.jpg" />
	<meta property="og:image:width" content="640" />
	<meta property="og:image:height" content="355" />
	<meta property="og:image:type" content="image/jpeg" />
<meta name="twitter:card" content="summary_large_image" />
<script type="application/ld+json" class="yoast-schema-graph">{"@context":"https://schema.org","@graph":[{"@type":"WebPage","@id":"https://radcaprawny.pro/wp-content/uploads/2021/09/gavel-2492011_640.jpg","url":"https://radcaprawny.pro/wp-content/uploads/2021/09/gavel-2492011_640.jpg","name":"gavel-2492011_640 - Kancelaria Radców Prawnych GOC Lublin Al. Racławickie 8/23","isPartOf":{"@id":"https://radcaprawny.pro/#website"},"datePublished":"2021-09-14T06:35:31+00:00","dateModified":"2021-09-14T06:35:41+00:00","breadcrumb":{"@id":"https://radcaprawny.pro/wp-content/uploads/2021/09/gavel-2492011_640.jpg#breadcrumb"},"inLanguage":"en-US","potentialAction":[{"@type":"ReadAction","target":["https://radcaprawny.pro/wp-content/uploads/2021/09/gavel-2492011_640.jpg"]}]},{"@type":"BreadcrumbList","@id":"https://radcaprawny.pro/wp-content/uploads/2021/09/gavel-2492011_640.jpg#breadcrumb","itemListElement":[{"@type":"ListItem","position":1,"name":"Strona główna","item":"https://radcaprawny.pro/"},{"@type":"ListItem","position":2,"name":"Pomoc prawna – dlaczego warto z niej skorzystać w 2021 roku?","item":"https://radcaprawny.pro/pomoc-prawna-dlaczego-warto-niej-skorzystac-2021-roku/"},{"@type":"ListItem","position":3,"name":"gavel-2492011_640"}]},{"@type":"WebSite","@id":"https://radcaprawny.pro/#website","url":"https://radcaprawny.pro/","name":"Kancelaria Radców Prawnych GOCKancelaria Radców Prawnych GOC Lublin Al. Racławickie 8/23","description":"","potentialAction":[{"@type":"SearchAction","target":{"@type":"EntryPoint","urlTemplate":"https://radcaprawny.pro/?s={search_term_string}"},"query-input":{"@type":"PropertyValueSpecification","valueRequired":true,"valueName":"search_term_string"}}],"inLanguage":"en-US"}]}</script>
<!-- / Yoast SEO plugin. -->

gavel-2492011_640 - Kancelaria Radców Prawnych GOC Lublin Al. Racławickie 8/23

Kancelaria Radców Prawnych GOC Lublin Al. Racławickie 8/23

Strona główna

Pomoc prawna – dlaczego warto z niej skorzystać w 2021 roku?

Kancelaria Radców Prawnych GOCKancelaria Radców Prawnych GOC Lublin Al. Racławickie 8/23

<p class="attachment"><a href='https://radcaprawny.pro/wp-content/uploads/2021/09/gavel-2492011_640.jpg'><img loading="lazy" decoding="async" width="300" height="166" src="https://radcaprawny.pro/wp-content/uploads/2021/09/gavel-2492011_640-300x166.jpg" class="attachment-medium size-medium" alt="Pomoc prawna – dlaczego warto z niej skorzystać?" srcset="https://radcaprawny.pro/wp-content/uploads/2021/09/gavel-2492011_640-300x166.jpg 300w, https://radcaprawny.pro/wp-content/uploads/2021/09/gavel-2492011_640-108x60.jpg 108w, https://radcaprawny.pro/wp-content/uploads/2021/09/gavel-2492011_640-570x316.jpg 570w, https://radcaprawny.pro/wp-content/uploads/2021/09/gavel-2492011_640.jpg 640w" sizes="auto, (max-width: 300px) 100vw, 300px" /></a></p>

Pomoc prawna – dlaczego warto z niej skorzystać?
